{"id":82,"date":"2015-11-25T11:04:09","date_gmt":"2015-11-25T11:04:09","guid":{"rendered":"http:\/\/logart.com.pl\/?page_id=82"},"modified":"2019-07-24T13:40:58","modified_gmt":"2019-07-24T13:40:58","slug":"box-pod-trzeba-kolumnami","status":"publish","type":"page","link":"https:\/\/logart.com.pl\/index.php\/strona-glowna\/box-pod-trzeba-kolumnami\/","title":{"rendered":"Box pod trzeba kolumnami"},"content":{"rendered":"<p><em>Nasze motto:<\/em><\/p>\n<p><em>Ka\u017cdy cz\u0142owiek mo\u017ce by\u0107 wybitny. <\/em><\/p>\n<p><em>Sztuk\u0105 jest rozpoznanie jego talentu i optymalnego \u015brodowiska \u00a0dzia\u0142ania.\u00a0<\/em><\/p>\n<p><em>Charakter jest kluczem.<\/em><\/p>","protected":false},"excerpt":{"rendered":"<p>Nasze motto: Ka\u017cdy cz\u0142owiek mo\u017ce by\u0107 wybitny. Sztuk\u0105 jest rozpoznanie jego talentu i optymalnego \u015brodowiska \u00a0dzia\u0142ania.\u00a0 Charakter jest kluczem.<\/p>\n","protected":false},"author":1,"featured_media":0,"parent":71,"menu_order":39,"comment_status":"closed","ping_status":"closed","template":"","meta":{"_mi_skip_tracking":false,"_monsterinsights_sitenote_active":false,"_monsterinsights_sitenote_note":"","_monsterinsights_sitenote_category":0},"acf":[],"yoast_head":"<!-- This site is optimized with the Yoast SEO plugin v21.3 - https:\/\/yoast.com\/wordpress\/plugins\/seo\/ -->\n<title>Box pod trzeba kolumnami - Logart<\/title>\n<meta name=\"robots\" content=\"index, follow, max-snippet:-1, max-image-preview:large, max-video-preview:-1\" \/>\n<link rel=\"canonical\" href=\"https:\/\/www.correo.logart.com.pl\/index.php\/strona-glowna\/box-pod-trzeba-kolumnami\/\" \/>\n<meta property=\"og:locale\" content=\"pl_PL\" \/>\n<meta property=\"og:type\" content=\"article\" \/>\n<meta property=\"og:title\" content=\"[:pl]Box pod trzeba kolumnami[:] - Logart\" \/>\n<meta property=\"og:description\" content=\"Nasze motto: Ka\u017cdy cz\u0142owiek mo\u017ce by\u0107 wybitny. Sztuk\u0105 jest rozpoznanie jego talentu i optymalnego \u015brodowiska \u00a0dzia\u0142ania.\u00a0 Charakter jest kluczem.\" \/>\n<meta property=\"og:url\" content=\"https:\/\/www.correo.logart.com.pl\/index.php\/strona-glowna\/box-pod-trzeba-kolumnami\/\" \/>\n<meta property=\"og:site_name\" content=\"Logart\" \/>\n<meta property=\"article:modified_time\" content=\"2019-07-24T13:40:58+00:00\" \/>\n<meta name=\"twitter:card\" content=\"summary_large_image\" \/>\n<script type=\"application\/ld+json\" class=\"yoast-schema-graph\">{\"@context\":\"https:\/\/schema.org\",\"@graph\":[{\"@type\":\"WebPage\",\"@id\":\"https:\/\/www.correo.logart.com.pl\/index.php\/strona-glowna\/box-pod-trzeba-kolumnami\/\",\"url\":\"https:\/\/www.correo.logart.com.pl\/index.php\/strona-glowna\/box-pod-trzeba-kolumnami\/\",\"name\":\"[:pl]Box pod trzeba kolumnami[:] - Logart\",\"isPartOf\":{\"@id\":\"https:\/\/blogs.wp.og.logart.com.pl\/#website\"},\"datePublished\":\"2015-11-25T11:04:09+00:00\",\"dateModified\":\"2019-07-24T13:40:58+00:00\",\"breadcrumb\":{\"@id\":\"https:\/\/www.correo.logart.com.pl\/index.php\/strona-glowna\/box-pod-trzeba-kolumnami\/#breadcrumb\"},\"inLanguage\":\"pl-PL\",\"potentialAction\":[{\"@type\":\"ReadAction\",\"target\":[\"https:\/\/www.correo.logart.com.pl\/index.php\/strona-glowna\/box-pod-trzeba-kolumnami\/\"]}]},{\"@type\":\"BreadcrumbList\",\"@id\":\"https:\/\/www.correo.logart.com.pl\/index.php\/strona-glowna\/box-pod-trzeba-kolumnami\/#breadcrumb\",\"itemListElement\":[{\"@type\":\"ListItem\",\"position\":1,\"name\":\"Strona g\u0142\u00f3wna\",\"item\":\"https:\/\/blogs.wp.og.logart.com.pl\/\"},{\"@type\":\"ListItem\",\"position\":2,\"name\":\"Strona g\u0142\u00f3wna\",\"item\":\"https:\/\/www.imap.logart.com.pl\/index.php\/strona-glowna\/\"},{\"@type\":\"ListItem\",\"position\":3,\"name\":\"Box pod trzeba kolumnami\"}]},{\"@type\":\"WebSite\",\"@id\":\"https:\/\/blogs.wp.og.logart.com.pl\/#website\",\"url\":\"https:\/\/blogs.wp.og.logart.com.pl\/\",\"name\":\"Logart\",\"description\":\"Personnel Consulting\",\"potentialAction\":[{\"@type\":\"SearchAction\",\"target\":{\"@type\":\"EntryPoint\",\"urlTemplate\":\"https:\/\/blogs.wp.og.logart.com.pl\/?s={search_term_string}\"},\"query-input\":\"required name=search_term_string\"}],\"inLanguage\":\"pl-PL\"}]}<\/script>\n<!-- \/ Yoast SEO plugin. -->","yoast_head_json":{"title":"[:pl]Box pod trzeba kolumnami[:] - Logart","robots":{"index":"index","follow":"follow","max-snippet":"max-snippet:-1","max-image-preview":"max-image-preview:large","max-video-preview":"max-video-preview:-1"},"canonical":"https:\/\/www.correo.logart.com.pl\/index.php\/strona-glowna\/box-pod-trzeba-kolumnami\/","og_locale":"pl_PL","og_type":"article","og_title":"[:pl]Box pod trzeba kolumnami[:] - Logart","og_description":"Nasze motto: Ka\u017cdy cz\u0142owiek mo\u017ce by\u0107 wybitny. Sztuk\u0105 jest rozpoznanie jego talentu i optymalnego \u015brodowiska \u00a0dzia\u0142ania.\u00a0 Charakter jest kluczem.","og_url":"https:\/\/www.correo.logart.com.pl\/index.php\/strona-glowna\/box-pod-trzeba-kolumnami\/","og_site_name":"Logart","article_modified_time":"2019-07-24T13:40:58+00:00","twitter_card":"summary_large_image","schema":{"@context":"https:\/\/schema.org","@graph":[{"@type":"WebPage","@id":"https:\/\/www.correo.logart.com.pl\/index.php\/strona-glowna\/box-pod-trzeba-kolumnami\/","url":"https:\/\/www.correo.logart.com.pl\/index.php\/strona-glowna\/box-pod-trzeba-kolumnami\/","name":"[:pl]Box pod trzeba kolumnami[:] - Logart","isPartOf":{"@id":"https:\/\/blogs.wp.og.logart.com.pl\/#website"},"datePublished":"2015-11-25T11:04:09+00:00","dateModified":"2019-07-24T13:40:58+00:00","breadcrumb":{"@id":"https:\/\/www.correo.logart.com.pl\/index.php\/strona-glowna\/box-pod-trzeba-kolumnami\/#breadcrumb"},"inLanguage":"pl-PL","potentialAction":[{"@type":"ReadAction","target":["https:\/\/www.correo.logart.com.pl\/index.php\/strona-glowna\/box-pod-trzeba-kolumnami\/"]}]},{"@type":"BreadcrumbList","@id":"https:\/\/www.correo.logart.com.pl\/index.php\/strona-glowna\/box-pod-trzeba-kolumnami\/#breadcrumb","itemListElement":[{"@type":"ListItem","position":1,"name":"Strona g\u0142\u00f3wna","item":"https:\/\/blogs.wp.og.logart.com.pl\/"},{"@type":"ListItem","position":2,"name":"Strona g\u0142\u00f3wna","item":"https:\/\/www.imap.logart.com.pl\/index.php\/strona-glowna\/"},{"@type":"ListItem","position":3,"name":"Box pod trzeba kolumnami"}]},{"@type":"WebSite","@id":"https:\/\/blogs.wp.og.logart.com.pl\/#website","url":"https:\/\/blogs.wp.og.logart.com.pl\/","name":"Logart","description":"Personnel Consulting","potentialAction":[{"@type":"SearchAction","target":{"@type":"EntryPoint","urlTemplate":"https:\/\/blogs.wp.og.logart.com.pl\/?s={search_term_string}"},"query-input":"required name=search_term_string"}],"inLanguage":"pl-PL"}]}},"_links":{"self":[{"href":"https:\/\/logart.com.pl\/index.php\/wp-json\/wp\/v2\/pages\/82"}],"collection":[{"href":"https:\/\/logart.com.pl\/index.php\/wp-json\/wp\/v2\/pages"}],"about":[{"href":"https:\/\/logart.com.pl\/index.php\/wp-json\/wp\/v2\/types\/page"}],"author":[{"embeddable":true,"href":"https:\/\/logart.com.pl\/index.php\/wp-json\/wp\/v2\/users\/1"}],"replies":[{"embeddable":true,"href":"https:\/\/logart.com.pl\/index.php\/wp-json\/wp\/v2\/comments?post=82"}],"version-history":[{"count":39,"href":"https:\/\/logart.com.pl\/index.php\/wp-json\/wp\/v2\/pages\/82\/revisions"}],"predecessor-version":[{"id":2023,"href":"https:\/\/logart.com.pl\/index.php\/wp-json\/wp\/v2\/pages\/82\/revisions\/2023"}],"up":[{"embeddable":true,"href":"https:\/\/logart.com.pl\/index.php\/wp-json\/wp\/v2\/pages\/71"}],"wp:attachment":[{"href":"https:\/\/logart.com.pl\/index.php\/wp-json\/wp\/v2\/media?parent=82"}],"curies":[{"name":"wp","href":"https:\/\/api.w.org\/{rel}","templated":true}]}}